{"id":3,"date":"2021-06-14T20:53:24","date_gmt":"2021-06-14T18:53:24","guid":{"rendered":"http:\/\/www.worldcastgraphics.com\/?page_id=3"},"modified":"2025-12-23T20:21:55","modified_gmt":"2025-12-23T19:21:55","slug":"politique-de-confidentialite","status":"publish","type":"page","link":"https:\/\/www.worldcastgraphics.com\/index.php\/politique-de-confidentialite\/","title":{"rendered":"Politique de confidentialit\u00e9"},"content":{"rendered":"\t\t<div data-elementor-type=\"wp-page\" data-elementor-id=\"3\" class=\"elementor elementor-3\">\n\t\t\t\t\t\t<section class=\"elementor-section elementor-top-section elementor-element elementor-element-1bb9acab elementor-section-boxed elementor-section-height-default elementor-section-height-default\" data-id=\"1bb9acab\" data-element_type=\"section\">\n\t\t\t\t\t\t<div class=\"elementor-container elementor-column-gap-default\">\n\t\t\t\t\t<div class=\"elementor-column elementor-col-100 elementor-top-column elementor-element elementor-element-46144cf8\" data-id=\"46144cf8\" data-element_type=\"column\">\n\t\t\t<div class=\"elementor-widget-wrap elementor-element-populated\">\n\t\t\t\t\t\t<div class=\"elementor-element elementor-element-94a006c elementor-widget elementor-widget-heading\" data-id=\"94a006c\" data-element_type=\"widget\" data-widget_type=\"heading.default\">\n\t\t\t\t<div class=\"elementor-widget-container\">\n\t\t\t\t\t<h3 class=\"elementor-heading-title elementor-size-default\">Politique de confidentialit\u00e9<\/h3>\t\t\t\t<\/div>\n\t\t\t\t<\/div>\n\t\t\t\t<div class=\"elementor-element elementor-element-16845a79 elementor-widget elementor-widget-text-editor\" data-id=\"16845a79\" data-element_type=\"widget\" data-widget_type=\"text-editor.default\">\n\t\t\t\t<div class=\"elementor-widget-container\">\n\t\t\t\t\t\t\t\t\t<p><\/p>\n<p>Qui sommes-nous\u00a0?<\/p>\n<p>L\u2019adresse de notre site Web est : http:\/\/www.worldcastgraphics.com.<\/p>\n<p><\/p>\n<h6 class=\"wp-block-heading\"><strong>Utilisation des donn\u00e9es personnelles collect\u00e9es<\/strong><\/h6>\n<h6><strong><\/strong><\/h6>\n<h6 class=\"wp-block-heading\"><strong>Commentaires<\/strong><\/h6>\n<p><\/p>\n<p>Quand vous laissez un commentaire sur notre site web, les donn\u00e9es inscrites dans le formulaire de commentaire, mais aussi votre adresse IP et l\u2019agent utilisateur de votre navigateur sont collect\u00e9s pour nous aider \u00e0 la d\u00e9tection des commentaires ind\u00e9sirables.<\/p>\n<p><\/p>\n<p>Une cha\u00eene anonymis\u00e9e cr\u00e9\u00e9e \u00e0 partir de votre adresse de messagerie (\u00e9galement appel\u00e9e hash) peut \u00eatre envoy\u00e9e au service Gravatar pour v\u00e9rifier si vous utilisez ce dernier. Les clauses de confidentialit\u00e9 du service Gravatar sont disponibles ici\u00a0: https:\/\/automattic.com\/privacy\/. Apr\u00e8s validation de votre commentaire, votre photo de profil sera visible publiquement \u00e0 cot\u00e9 de votre commentaire.<\/p>\n<p><\/p>\n<h6 class=\"wp-block-heading\"><strong>M\u00e9dias<\/strong><\/h6>\n<p><\/p>\n<p>Si vous \u00eates un utilisateur ou une utilisatrice enregistr\u00e9\u00b7e et que vous t\u00e9l\u00e9versez des images sur le site web, nous vous conseillons d\u2019\u00e9viter de t\u00e9l\u00e9verser des images contenant des donn\u00e9es EXIF de coordonn\u00e9es GPS. Les visiteurs de votre site web peuvent t\u00e9l\u00e9charger et extraire des donn\u00e9es de localisation depuis ces images.<\/p>\n<p><\/p>\n<h6 class=\"wp-block-heading\"><strong>Formulaires de contact<\/strong><\/h6>\n<h6><strong><\/strong><\/h6>\n<h6 class=\"wp-block-heading\"><strong>Cookies<\/strong><\/h6>\n<p><\/p>\n<p>Si vous d\u00e9posez un commentaire sur notre site, il vous sera propos\u00e9 d\u2019enregistrer votre nom, adresse de messagerie et site web dans des cookies. C\u2019est uniquement pour votre confort afin de ne pas avoir \u00e0 saisir ces informations si vous d\u00e9posez un autre commentaire plus tard. Ces cookies expirent au bout d\u2019un an.<\/p>\n<p><\/p>\n<p>Si vous vous rendez sur la page de connexion, un cookie temporaire sera cr\u00e9\u00e9 afin de d\u00e9terminer si votre navigateur accepte les cookies. Il ne contient pas de donn\u00e9es personnelles et sera supprim\u00e9 automatiquement \u00e0 la fermeture de votre navigateur.<\/p>\n<p><\/p>\n<p>Lorsque vous vous connecterez, nous mettrons en place un certain nombre de cookies pour enregistrer vos informations de connexion et vos pr\u00e9f\u00e9rences d\u2019\u00e9cran. La dur\u00e9e de vie d\u2019un cookie de connexion est de deux jours, celle d\u2019un cookie d\u2019option d\u2019\u00e9cran est d\u2019un an. Si vous cochez \u00ab\u00a0Se souvenir de moi\u00a0\u00bb, votre cookie de connexion sera conserv\u00e9 pendant deux semaines. Si vous vous d\u00e9connectez de votre compte, le cookie de connexion sera effac\u00e9.<\/p>\n<p><\/p>\n<p>En modifiant ou en publiant une publication, un cookie suppl\u00e9mentaire sera enregistr\u00e9 dans votre navigateur. Ce cookie ne comprend aucune donn\u00e9e personnelle. Il indique simplement l\u2019ID de la publication que vous venez de modifier. Il expire au bout d\u2019un jour.<\/p>\n<p><\/p>\n<h6 class=\"wp-block-heading\"><strong>Contenu embarqu\u00e9 depuis d\u2019autres sites<\/strong><\/h6>\n<p><\/p>\n<p>Les articles de ce site peuvent inclure des contenus int\u00e9gr\u00e9s (par exemple des vid\u00e9os, images, articles\u2026). Le contenu int\u00e9gr\u00e9 depuis d\u2019autres sites se comporte de la m\u00eame mani\u00e8re que si le visiteur se rendait sur cet autre site.<\/p>\n<p><\/p>\n<p>Ces sites web pourraient collecter des donn\u00e9es sur vous, utiliser des cookies, embarquer des outils de suivis tiers, suivre vos interactions avec ces contenus embarqu\u00e9s si vous disposez d\u2019un compte connect\u00e9 sur leur site web.<\/p>\n<p><\/p>\n<h6 class=\"wp-block-heading\"><strong>Statistiques et mesures d\u2019audience<\/strong><\/h6>\n<h6><strong><\/strong><\/h6>\n<h6 class=\"wp-block-heading\"><strong>Utilisation et transmission de vos donn\u00e9es personnelles<\/strong><\/h6>\n<h6><strong><\/strong><\/h6>\n<h6 class=\"wp-block-heading\"><strong>Dur\u00e9es de stockage de vos donn\u00e9es<\/strong><\/h6>\n<p><\/p>\n<p>Si vous laissez un commentaire, le commentaire et ses m\u00e9tadonn\u00e9es sont conserv\u00e9s ind\u00e9finiment. Cela permet de reconna\u00eetre et approuver automatiquement les commentaires suivants au lieu de les laisser dans la file de mod\u00e9ration.<\/p>\n<p><\/p>\n<p>Pour les utilisateurs et utilisatrices qui s\u2019inscrivent sur notre site (si cela est possible), nous stockons \u00e9galement les donn\u00e9es personnelles indiqu\u00e9es dans leur profil. Tous les utilisateurs et utilisatrices peuvent voir, modifier ou supprimer leurs informations personnelles \u00e0 tout moment (\u00e0 l\u2019exception de leur nom d\u2019utilisateur(ice). Les gestionnaires du site peuvent aussi voir et modifier ces informations.<\/p>\n<p><\/p>\n<h6 class=\"wp-block-heading\"><strong>Les droits que vous avez sur vos donn\u00e9es<\/strong><\/h6>\n<p><\/p>\n<p>Si vous avez un compte ou si vous avez laiss\u00e9 des commentaires sur le site, vous pouvez demander \u00e0 recevoir un fichier contenant toutes les donn\u00e9es personnelles que nous poss\u00e9dons \u00e0 votre sujet, incluant celles que vous nous avez fournies. Vous pouvez \u00e9galement demander la suppression des donn\u00e9es personnelles vous concernant. Cela ne prend pas en compte les donn\u00e9es stock\u00e9es \u00e0 des fins administratives, l\u00e9gales ou pour des raisons de s\u00e9curit\u00e9.<\/p>\n<p><\/p>\n<h6 class=\"wp-block-heading\">Transmission de vos donn\u00e9es personnelles<\/h6>\n<p>Nous ne vendons ni ne louons vos donn\u00e9es personnelles.<br \/>Les donn\u00e9es peuvent \u00eatre transmises uniquement :<\/p>\n<ul>\n<li>aux prestataires techniques n\u00e9cessaires au fonctionnement du site (h\u00e9bergeur, outils de s\u00e9curit\u00e9, statistiques, etc.),<\/li>\n<li>aux autorit\u00e9s comp\u00e9tentes si la loi l\u2019exige.<\/li>\n<\/ul>\n<p>Les commentaires des visiteurs peuvent \u00eatre v\u00e9rifi\u00e9s \u00e0 l\u2019aide d\u2019un service automatis\u00e9 de d\u00e9tection des commentaires ind\u00e9sirables (anti-spam).<\/p>\n<h6>Informations de contact<\/h6>\n<p>Pour toute question concernant vos donn\u00e9es personnelles, vous pouvez nous contacter :<\/p>\n<ul>\n<li>Site :\u00a0<a href=\"http:\/\/www.worldcastgraphics.com.\" target=\"_blank\" rel=\"noopener noreferrer\" data-widget-link=\"\">https:\/\/worldcastgraphics.com<\/a><\/li>\n<li>Email :\u00a0<a href=\"mailto:worldcastgraphics@gmail.com\" target=\"_blank\" rel=\"noopener noreferrer\" data-widget-link=\"\">worldcastgraphics@gmail.com<\/a><\/li>\n<li>Adresse postale : 21 Rue Sainte Barbe, 77230 Dammartin-en-Go\u00eble, France<\/li>\n<\/ul>\n<h6>Informations suppl\u00e9mentaires<\/h6>\n<p>Les donn\u00e9es collect\u00e9es via ce site sont utilis\u00e9es uniquement pour :<\/p>\n<ul>\n<li>r\u00e9pondre \u00e0 vos demandes (formulaires de contact, devis, etc.),<\/li>\n<li>assurer le bon fonctionnement et la s\u00e9curit\u00e9 du site,<\/li>\n<li>am\u00e9liorer le contenu et l\u2019ergonomie du site.<\/li>\n<\/ul>\n<h6>Comment nous prot\u00e9geons vos donn\u00e9es<\/h6>\n<p>Nous mettons en \u0153uvre des mesures raisonnables pour prot\u00e9ger vos donn\u00e9es personnelles, notamment :<\/p>\n<ul>\n<li>l\u2019utilisation d\u2019une connexion s\u00e9curis\u00e9e (HTTPS),<\/li>\n<li>la mise \u00e0 jour r\u00e9guli\u00e8re de WordPress, du th\u00e8me et des extensions,<\/li>\n<li>la limitation de l\u2019acc\u00e8s aux donn\u00e9es aux seules personnes ou prestataires qui en ont besoin.<\/li>\n<\/ul>\n<h6>Proc\u00e9dures mises en \u0153uvre en cas de fuite de donn\u00e9es<\/h6>\n<p>En cas de violation de donn\u00e9es personnelles (acc\u00e8s non autoris\u00e9, fuite, etc.), nous nous engageons \u00e0 :<\/p>\n<ul>\n<li>identifier la cause de l\u2019incident et y rem\u00e9dier,<\/li>\n<li>s\u00e9curiser \u00e0 nouveau les syst\u00e8mes concern\u00e9s,<\/li>\n<li>informer, si n\u00e9cessaire, les personnes concern\u00e9es,<\/li>\n<li>notifier l\u2019autorit\u00e9 comp\u00e9tente lorsque la loi l\u2019exige.<\/li>\n<\/ul>\n<h6>Les services tiers qui nous transmettent des donn\u00e9es<\/h6>\n<p>Nous pouvons recevoir certaines donn\u00e9es de la part de services tiers li\u00e9s \u00e0 ce site, par exemple :<\/p>\n<ul>\n<li>des outils de statistiques de fr\u00e9quentation (ex. mesure d\u2019audience),<\/li>\n<li>des services anti-spam pour les formulaires ou commentaires.<\/li>\n<\/ul>\n<p>Ces services disposent de leurs propres politiques de confidentialit\u00e9.<\/p>\n<h6>Op\u00e9rations de marketing automatis\u00e9 et\/ou de profilage<\/h6>\n<p>\u00c0 ce jour, nous ne r\u00e9alisons pas de profilage ni de marketing automatis\u00e9 \u00e0 partir des donn\u00e9es collect\u00e9es via ce site.<br \/>Si cela venait \u00e0 changer (par exemple mise en place d\u2019une newsletter cibl\u00e9e), cette politique serait mise \u00e0 jour et votre consentement serait recueilli lorsque n\u00e9cessaire.<\/p>\n<h6>Secteurs soumis \u00e0 des r\u00e9gulations sp\u00e9cifiques<\/h6>\n<p>L\u2019activit\u00e9 de Worldcast Graphics n\u2019est pas soumise \u00e0 une r\u00e9glementation sp\u00e9cifique imposant des obligations particuli\u00e8res d\u2019information (type sant\u00e9, finance, assurance, etc.).<br \/>En cas d\u2019\u00e9volution, les pr\u00e9sentes mentions seront adapt\u00e9es.<\/p>\n<p><\/p>\t\t\t\t\t\t\t\t<\/div>\n\t\t\t\t<\/div>\n\t\t\t\t\t<\/div>\n\t\t<\/div>\n\t\t\t\t\t<\/div>\n\t\t<\/section>\n\t\t\t\t<\/div>\n\t\t","protected":false},"excerpt":{"rendered":"<p>Politique de confidentialit\u00e9 Qui sommes-nous\u00a0? L\u2019adresse de notre site Web est : http:\/\/www.worldcastgraphics.com. Utilisation des donn\u00e9es personnelles collect\u00e9es Commentaires Quand vous laissez un commentaire sur notre site web, les donn\u00e9es inscrites dans le formulaire de commentaire, mais aussi votre adresse IP et l\u2019agent utilisateur de votre navigateur sont collect\u00e9s pour nous aider \u00e0 la d\u00e9tection [&hellip;]<\/p>\n","protected":false},"author":1,"featured_media":0,"parent":0,"menu_order":0,"comment_status":"closed","ping_status":"closed","template":"","meta":{"site-sidebar-layout":"default","site-content-layout":"","ast-site-content-layout":"default","site-content-style":"default","site-sidebar-style":"default","ast-global-header-display":"","ast-banner-title-visibility":"","ast-main-header-display":"","ast-hfb-above-header-display":"","ast-hfb-below-header-display":"","ast-hfb-mobile-header-display":"","site-post-title":"","ast-breadcrumbs-content":"","ast-featured-img":"","footer-sml-layout":"","ast-disable-related-posts":"","theme-transparent-header-meta":"","adv-header-id-meta":"","stick-header-meta":"","header-above-stick-meta":"","header-main-stick-meta":"","header-below-stick-meta":"","astra-migrate-meta-layouts":"set","ast-page-background-enabled":"default","ast-page-background-meta":{"desktop":{"background-color":"var(--ast-global-color-4)","background-image":"","background-repeat":"repeat","background-position":"center center","background-size":"auto","background-attachment":"scroll","background-type":"","background-media":"","overlay-type":"","overlay-color":"","overlay-opacity":"","overlay-gradient":""},"tablet":{"background-color":"","background-image":"","background-repeat":"repeat","background-position":"center center","background-size":"auto","background-attachment":"scroll","background-type":"","background-media":"","overlay-type":"","overlay-color":"","overlay-opacity":"","overlay-gradient":""},"mobile":{"background-color":"","background-image":"","background-repeat":"repeat","background-position":"center center","background-size":"auto","background-attachment":"scroll","background-type":"","background-media":"","overlay-type":"","overlay-color":"","overlay-opacity":"","overlay-gradient":""}},"ast-content-background-meta":{"desktop":{"background-color":"var(--ast-global-color-5)","background-image":"","background-repeat":"repeat","background-position":"center center","background-size":"auto","background-attachment":"scroll","background-type":"","background-media":"","overlay-type":"","overlay-color":"","overlay-opacity":"","overlay-gradient":""},"tablet":{"background-color":"var(--ast-global-color-5)","background-image":"","background-repeat":"repeat","background-position":"center center","background-size":"auto","background-attachment":"scroll","background-type":"","background-media":"","overlay-type":"","overlay-color":"","overlay-opacity":"","overlay-gradient":""},"mobile":{"background-color":"var(--ast-global-color-5)","background-image":"","background-repeat":"repeat","background-position":"center center","background-size":"auto","background-attachment":"scroll","background-type":"","background-media":"","overlay-type":"","overlay-color":"","overlay-opacity":"","overlay-gradient":""}},"footnotes":""},"class_list":["post-3","page","type-page","status-publish","hentry"],"yoast_head":"<!-- This site is optimized with the Yoast SEO plugin v27.0 - https:\/\/yoast.com\/product\/yoast-seo-wordpress\/ -->\n<title>Politique de confidentialit\u00e9 \u2013 Worldcast Graphics<\/title>\n<meta name=\"description\" content=\"D\u00e9couvrez la politique de confidentialit\u00e9 de Worldcast Graphics : collecte et utilisation des donn\u00e9es, cookies, droits des utilisateurs et protection de la vie priv\u00e9e.\" \/>\n<meta name=\"robots\" content=\"index, follow, max-snippet:-1, max-image-preview:large, max-video-preview:-1\" \/>\n<link rel=\"canonical\" href=\"https:\/\/www.worldcastgraphics.com\/index.php\/politique-de-confidentialite\/\" \/>\n<meta property=\"og:locale\" content=\"fr_FR\" \/>\n<meta property=\"og:type\" content=\"article\" \/>\n<meta property=\"og:title\" content=\"Politique de confidentialit\u00e9 \u2013 Worldcast Graphics\" \/>\n<meta property=\"og:description\" content=\"D\u00e9couvrez la politique de confidentialit\u00e9 de Worldcast Graphics : collecte et utilisation des donn\u00e9es, cookies, droits des utilisateurs et protection de la vie priv\u00e9e.\" \/>\n<meta property=\"og:url\" content=\"https:\/\/www.worldcastgraphics.com\/index.php\/politique-de-confidentialite\/\" \/>\n<meta property=\"og:site_name\" content=\"Worldcast Graphic\" \/>\n<meta property=\"article:modified_time\" content=\"2025-12-23T19:21:55+00:00\" \/>\n<meta name=\"twitter:card\" content=\"summary_large_image\" \/>\n<meta name=\"twitter:label1\" content=\"Dur\u00e9e de lecture estim\u00e9e\" \/>\n\t<meta name=\"twitter:data1\" content=\"6 minutes\" \/>\n<script type=\"application\/ld+json\" class=\"yoast-schema-graph\">{\"@context\":\"https:\/\/schema.org\",\"@graph\":[{\"@type\":\"WebPage\",\"@id\":\"https:\/\/www.worldcastgraphics.com\/index.php\/politique-de-confidentialite\/\",\"url\":\"https:\/\/www.worldcastgraphics.com\/index.php\/politique-de-confidentialite\/\",\"name\":\"Politique de confidentialit\u00e9 \u2013 Worldcast Graphics\",\"isPartOf\":{\"@id\":\"https:\/\/www.worldcastgraphics.com\/#website\"},\"datePublished\":\"2021-06-14T18:53:24+00:00\",\"dateModified\":\"2025-12-23T19:21:55+00:00\",\"description\":\"D\u00e9couvrez la politique de confidentialit\u00e9 de Worldcast Graphics : collecte et utilisation des donn\u00e9es, cookies, droits des utilisateurs et protection de la vie priv\u00e9e.\",\"breadcrumb\":{\"@id\":\"https:\/\/www.worldcastgraphics.com\/index.php\/politique-de-confidentialite\/#breadcrumb\"},\"inLanguage\":\"fr-FR\",\"potentialAction\":[{\"@type\":\"ReadAction\",\"target\":[\"https:\/\/www.worldcastgraphics.com\/index.php\/politique-de-confidentialite\/\"]}]},{\"@type\":\"BreadcrumbList\",\"@id\":\"https:\/\/www.worldcastgraphics.com\/index.php\/politique-de-confidentialite\/#breadcrumb\",\"itemListElement\":[{\"@type\":\"ListItem\",\"position\":1,\"name\":\"Accueil\",\"item\":\"https:\/\/www.worldcastgraphics.com\/\"},{\"@type\":\"ListItem\",\"position\":2,\"name\":\"Politique de confidentialit\u00e9\"}]},{\"@type\":\"WebSite\",\"@id\":\"https:\/\/www.worldcastgraphics.com\/#website\",\"url\":\"https:\/\/www.worldcastgraphics.com\/\",\"name\":\"WorldCast Graphics\",\"description\":\"Worldcast Graphics\",\"publisher\":{\"@id\":\"https:\/\/www.worldcastgraphics.com\/#\/schema\/person\/38e50573cf516f65d0d78720022d6c76\"},\"potentialAction\":[{\"@type\":\"SearchAction\",\"target\":{\"@type\":\"EntryPoint\",\"urlTemplate\":\"https:\/\/www.worldcastgraphics.com\/?s={search_term_string}\"},\"query-input\":{\"@type\":\"PropertyValueSpecification\",\"valueRequired\":true,\"valueName\":\"search_term_string\"}}],\"inLanguage\":\"fr-FR\"},{\"@type\":[\"Person\",\"Organization\"],\"@id\":\"https:\/\/www.worldcastgraphics.com\/#\/schema\/person\/38e50573cf516f65d0d78720022d6c76\",\"name\":\"admin1370\",\"image\":{\"@type\":\"ImageObject\",\"inLanguage\":\"fr-FR\",\"@id\":\"https:\/\/www.worldcastgraphics.com\/#\/schema\/person\/image\/\",\"url\":\"https:\/\/www.worldcastgraphics.com\/wp-content\/uploads\/2025\/12\/cropped-cropped-cropped-LOGO-WORLDCAST-GRAPHICS-01-1.png\",\"contentUrl\":\"https:\/\/www.worldcastgraphics.com\/wp-content\/uploads\/2025\/12\/cropped-cropped-cropped-LOGO-WORLDCAST-GRAPHICS-01-1.png\",\"width\":505,\"height\":224,\"caption\":\"admin1370\"},\"logo\":{\"@id\":\"https:\/\/www.worldcastgraphics.com\/#\/schema\/person\/image\/\"},\"sameAs\":[\"http:\/\/www.worldcastgraphics.com\"]}]}<\/script>\n<!-- \/ Yoast SEO plugin. -->","yoast_head_json":{"title":"Politique de confidentialit\u00e9 \u2013 Worldcast Graphics","description":"D\u00e9couvrez la politique de confidentialit\u00e9 de Worldcast Graphics : collecte et utilisation des donn\u00e9es, cookies, droits des utilisateurs et protection de la vie priv\u00e9e.","robots":{"index":"index","follow":"follow","max-snippet":"max-snippet:-1","max-image-preview":"max-image-preview:large","max-video-preview":"max-video-preview:-1"},"canonical":"https:\/\/www.worldcastgraphics.com\/index.php\/politique-de-confidentialite\/","og_locale":"fr_FR","og_type":"article","og_title":"Politique de confidentialit\u00e9 \u2013 Worldcast Graphics","og_description":"D\u00e9couvrez la politique de confidentialit\u00e9 de Worldcast Graphics : collecte et utilisation des donn\u00e9es, cookies, droits des utilisateurs et protection de la vie priv\u00e9e.","og_url":"https:\/\/www.worldcastgraphics.com\/index.php\/politique-de-confidentialite\/","og_site_name":"Worldcast Graphic","article_modified_time":"2025-12-23T19:21:55+00:00","twitter_card":"summary_large_image","twitter_misc":{"Dur\u00e9e de lecture estim\u00e9e":"6 minutes"},"schema":{"@context":"https:\/\/schema.org","@graph":[{"@type":"WebPage","@id":"https:\/\/www.worldcastgraphics.com\/index.php\/politique-de-confidentialite\/","url":"https:\/\/www.worldcastgraphics.com\/index.php\/politique-de-confidentialite\/","name":"Politique de confidentialit\u00e9 \u2013 Worldcast Graphics","isPartOf":{"@id":"https:\/\/www.worldcastgraphics.com\/#website"},"datePublished":"2021-06-14T18:53:24+00:00","dateModified":"2025-12-23T19:21:55+00:00","description":"D\u00e9couvrez la politique de confidentialit\u00e9 de Worldcast Graphics : collecte et utilisation des donn\u00e9es, cookies, droits des utilisateurs et protection de la vie priv\u00e9e.","breadcrumb":{"@id":"https:\/\/www.worldcastgraphics.com\/index.php\/politique-de-confidentialite\/#breadcrumb"},"inLanguage":"fr-FR","potentialAction":[{"@type":"ReadAction","target":["https:\/\/www.worldcastgraphics.com\/index.php\/politique-de-confidentialite\/"]}]},{"@type":"BreadcrumbList","@id":"https:\/\/www.worldcastgraphics.com\/index.php\/politique-de-confidentialite\/#breadcrumb","itemListElement":[{"@type":"ListItem","position":1,"name":"Accueil","item":"https:\/\/www.worldcastgraphics.com\/"},{"@type":"ListItem","position":2,"name":"Politique de confidentialit\u00e9"}]},{"@type":"WebSite","@id":"https:\/\/www.worldcastgraphics.com\/#website","url":"https:\/\/www.worldcastgraphics.com\/","name":"WorldCast Graphics","description":"Worldcast Graphics","publisher":{"@id":"https:\/\/www.worldcastgraphics.com\/#\/schema\/person\/38e50573cf516f65d0d78720022d6c76"},"potentialAction":[{"@type":"SearchAction","target":{"@type":"EntryPoint","urlTemplate":"https:\/\/www.worldcastgraphics.com\/?s={search_term_string}"},"query-input":{"@type":"PropertyValueSpecification","valueRequired":true,"valueName":"search_term_string"}}],"inLanguage":"fr-FR"},{"@type":["Person","Organization"],"@id":"https:\/\/www.worldcastgraphics.com\/#\/schema\/person\/38e50573cf516f65d0d78720022d6c76","name":"admin1370","image":{"@type":"ImageObject","inLanguage":"fr-FR","@id":"https:\/\/www.worldcastgraphics.com\/#\/schema\/person\/image\/","url":"https:\/\/www.worldcastgraphics.com\/wp-content\/uploads\/2025\/12\/cropped-cropped-cropped-LOGO-WORLDCAST-GRAPHICS-01-1.png","contentUrl":"https:\/\/www.worldcastgraphics.com\/wp-content\/uploads\/2025\/12\/cropped-cropped-cropped-LOGO-WORLDCAST-GRAPHICS-01-1.png","width":505,"height":224,"caption":"admin1370"},"logo":{"@id":"https:\/\/www.worldcastgraphics.com\/#\/schema\/person\/image\/"},"sameAs":["http:\/\/www.worldcastgraphics.com"]}]}},"_links":{"self":[{"href":"https:\/\/www.worldcastgraphics.com\/index.php\/wp-json\/wp\/v2\/pages\/3","targetHints":{"allow":["GET"]}}],"collection":[{"href":"https:\/\/www.worldcastgraphics.com\/index.php\/wp-json\/wp\/v2\/pages"}],"about":[{"href":"https:\/\/www.worldcastgraphics.com\/index.php\/wp-json\/wp\/v2\/types\/page"}],"author":[{"embeddable":true,"href":"https:\/\/www.worldcastgraphics.com\/index.php\/wp-json\/wp\/v2\/users\/1"}],"replies":[{"embeddable":true,"href":"https:\/\/www.worldcastgraphics.com\/index.php\/wp-json\/wp\/v2\/comments?post=3"}],"version-history":[{"count":12,"href":"https:\/\/www.worldcastgraphics.com\/index.php\/wp-json\/wp\/v2\/pages\/3\/revisions"}],"predecessor-version":[{"id":1054,"href":"https:\/\/www.worldcastgraphics.com\/index.php\/wp-json\/wp\/v2\/pages\/3\/revisions\/1054"}],"wp:attachment":[{"href":"https:\/\/www.worldcastgraphics.com\/index.php\/wp-json\/wp\/v2\/media?parent=3"}],"curies":[{"name":"wp","href":"https:\/\/api.w.org\/{rel}","templated":true}]}}